.
-63
Calculate 41 + (57 - 29) - 22.
47
68 + -69 - (4 - (4 + 5)) - (70 - 1)
-65
Evaluate -7 + (7 - 0 - 12 - ((-11 - 0) + -5)).
4
Calculate 30 + (-38 - -26 - -67) - -24.
109
Calculate (1 - -5) + 0 + (-162 + -22 - -246).
68
What is -85 + 210 + -5 - 29?
91
(4 - -1) + -36 + 6 + 14 + -15 + -3
-29
What is the value of (-64 - -51) + (2 - -8) - 24?
-27
-12 + (-5 - 14) - -69 - 3
35
What is (89 - ((-9 - 8) + 7 + 0)) + (2 - 10)?
91
What is the value of -6 + ((-1 - 13) + 15 - (56 - -69))?
-130
What is -72 + (61 - -4) - (0 + 3)?
-10
Calculate ((-13 - -17) + -17 - -14 - 2) + -32.
-33
What is -55 + (97 - 44) - (3 + -6 - 12)?
13
What is -35 + 1 - (8 - (19 + 0 + -19))?
-42
Calculate -9 + (14 - (21 + (-3 - 14))).
1
Evaluate 563 + -593 - (1 + 4).
-35
-62 + ((-4 + 1 - -2) + -26 + 41 - 7)
-55
Evaluate (51 - (0 - -3)) + (-26 - -36).
58
Evaluate 5 + (-91 - 2 - (10 + (-48 - -31))) + 12.
-69
What is the value of 3 + -2 + 33 - (969 - 994)?
59
-59 + (12 - (11 + 4)) + (5 - -4)
-53
Evaluate 4 + (-2 - -5) + (7 + -94 - (2 + 11)).
-93
What is -25 - (36 - (-2 + 41)) - 25?
-47
Evaluate (9 - 25) + 12 + 27 - (9 + 2).
12
Evaluate ((5 - 5) + 96 - -6) + (406 - 395).
113
What is 34 + -19 + (-6 - 7) + (3 - 45) + -10?
-50
Calculate (0 - (4 - 13)) + -7 - 26.
-24
10 + (1 - -56 - -22)
89
What is 52 + -19 + 10 + (-2 - -25)?
66
Calculate 40 - ((1 - 3) + -298 + 317).
23
What is (-5 + -6 - (0 - 2) - (-52 + 127)) + 7?
-77
What is the value of -43 + 21 - ((10 - 3) + -15 + 23)?
-37
Evaluate (46 - 42) + 83 + 2.
89
(-88 - 1) + 1 - (-81 - -11 - -56)
-74
Evaluate 83 + 10 + (13 - -106) + -105.
107
Evaluate -47 + 59 + (43 - 1 - (8 + -7)).
53
Calculate -38 + -3 + (4 - 36 - (4 - 37)).
-40
Calculate 26 - (-28 + 38 + -31) - -26.
73
What is (-57 - 5 - -10) + 1 + -1 + -886 + 879?
-59
Calculate -17 + (-24 - (-24 - (-18 + 16))).
-19
What is the value of 139 + (-15 + 32 - 104)?
52
Evaluate -3 + -1 + -370 + 350 + (-1 - (-14 - -2)).
-13
Evaluate -27 + 21 + (0 - 1) + 74 + -53.
14
Evaluate -12 - (3 + (27 + -1 - 21)).
-20
-5 + 35 - (-8 + 26 + (-21 - -8))
25
-116 + 0 + 1214 + -1237
-139
Calculate ((12 - 18) + 15 - 1) + 2 - -24.
34
Calculate 49 - (10 - -20) - -9.
28
Calculate (13 - -6) + -1 - (17 - 34).
35
Evaluate (-2 + -10 - (4 + -6)) + (-90 + -34 - -25).
-109
Calculate 9 - ((-20 - -3) + 35 + -6).
-3
-12 - -5 - (-5 + -43) - (2 + 3)
36
What is the value of 9 - (9 + 3) - -8 - (-20 + 8)?
17
Evaluate 2 + (-28 - (5 + -5)) - (-26 + 0 + 21).
-21
(-8 - ((5 - -1 - 7) + -28 + -18)) + -4
35
What is the value of (-33 - (27 + -31)) + (-12 - -11) + (-9 - 0)?
-39
Calculate -38 - (-95 + 75) - 57.
-75
-7 + -233 + 216 + 9 + -1
-16
Calculate 10 - (-105 + 82 - (11 + -17 + 0)).
27
What is the value of 8553 - 8572 - (-1 + (-26 - -1))?
7
Calculate -49 - ((80 - 124) + -71).
66
Evaluate -51 + 5 + (-266 - -257).
-55
Calculate 22 - (16 + -17 + 1).
22
23 + (-87 - -85) + -1 + -41
-21
What is 51 - (0 + (-5 - (3 - 11)) + 5)?
43
Calculate (8 + 3 + -6 - -2) + 16 + 9.
32
What is the value of ((-20 - -3) + 3 + -4 - -20) + -2 + 38?
38
Calculate 23 + (-1 - 24) + -12 + 28.
14
What is (43 + -35 - (-53 + 38)) + -158?
-135
1 + 105 - (12 - (710 + -696 + 1 + -12))
97
-6 - -10 - -6 - (-4 - (28 + -15))
27
Evaluate 432 - 565 - (14 + -48).
-99
Evaluate -47 - (30 + -154 - -40).
37
Evaluate -94 + -68 + 146 + -102.
-118
What is the value of 3 + (-3 - 20) - (157 + -185)?
8
(629 - 663 - (-20 + -1 + 3)) + 94
78
What is the value of (121 - 9 - 15) + -172?
-75
44 + (3 - 79) + 78
46
What is 62 - (-38 + 27 - (8 - 1 - 17))?
63
What is 4 + -10 - 50 - (18 - (8 + -9 + 7))?
-68
Evaluate 0 + 1 + 93 + (3080 - 3097) - -13.
90
What is (-16 - (-18 + -11)) + -48 + -6?
-41
(18 - (10 - -4 - -10)) + -9
-15
(38 - (5 + 30)) + 38
41
What is 678 + -704 - (0 - (-11 - 1))?
-38
-15 - (-358 + 349 + (0 - 3) + 65)
-68
13 - (-68 + (14 - -76))
-9
What is the value of 7 + (-1 - -125 - (-96 - -99 - -13))?
115
Calculate (16 - (20 + 39)) + 107.
64
Evaluate -777 + 761 + -2 + 5 + (-3 - -6).
-10
What is the value of 1 - -3 - (-10 + -5 + (0 - 19))?
38
Evaluate -55 + 25 + (15 - -11).
-4
(-10 + 25 - 22) + (-1 + -3 - 31) + -4
-46
Evaluate -1 - -3 - (-9 + (-5 - -89) + 2).
-75
Evaluate (14 + 1 - (1 + -5)) + -37.
-18
Calculate 10 + (105 - -4) + (-1 - (0 - -1)).
117
Calculate (-3 - -1) + 2 - (-4 + -9 - (7 - 31)).
-11
-203 + 221 + -25 + 1 + -1 + -4
-11
1 - -8 - ((-53 - (-21 - -2)) + 58)
-15
What is (43 - -7) + 0 + 8 + (-2 - 3) + 17?
70
Evaluate (-6 + -16 - (3 - (1 - 10) - 18)) + 91.
75
-2 - (-18 - -12 - ((-12 - -13) + (-38 - 0)))
-33
Calculate -29 + 26 - (9 + (0 - (-9 - -16) - 70)).
65
What is 2180 - 2204 - (0 + -75)?
51
Evaluate 12 - 17 - (13 + -9) - (-2 + 2 + -75).
66
Calculate (13 - 8) + (182 - 219).
-32
Calculate 3 + -6 + 54 + (97 - 127).
21
Calculate -8 + 0 + (35 - (15 - 33)) - -8.
53
Evaluate (-108 - (-43 - 9)) + 102.
46
(6 - -3) + (14 - 40) + -14 + 21
-10
Calculate -98 + 13 + (-217 + 233 - (9 + 0)).
-78
What is the value of (16 - (30 - -11)) + (-9 - -29)?
-5
Evaluate 0 + 15 + 0 - (396 + -364) - -71.
54
745 + -741 + (-1 + 2 - 8) - -110
107
What is 10 + -8 + -39 + ((-13 - -11) + 9 - -3)?
-27
6 + (-73 - -55) + -18
-30
What is the value of -159 + 50 - -65 - -104?
60
Evaluate -18 + 0 + 13 - 1 - 4.
-10
What is -6 - 16 - (1 - 39)?
16
(-3 - -4) + (71 - 74) + -51
-53
Evaluate -132 + 85 - (-67 - 29).
49
Evaluate 52 + 4 + (12 + -2 - (11 - 18 - -12)).
61
What is (-8 + 2 - -2) + (-65 + 28 - (3 + 18))?
-62
-30 + 116 + -25 + (2 + -6 - 1)
56
18 - (22 - (-51 - -34))
-21
What is 36 + (14 + -2 - 19) + -14 + 23?
38
What is the value of -23 - -64 - (-3 + -3 - (2 - 9))?
40
Calculate 21 + -20 - 15 - -16 - 44.
-42
Evaluate (1 - (-14 + (-8 - -24) - -1)) + 10.
8
Calculate (12 - (-6 - -130)) + -18 + 2.
-128
What is -13 + (-49 - -20) + 56 + 27?
41
Evaluate (-66 - -37) + 57 + (-5 - 0).
23
What is the value of (-97 - -88) + -17 + 1 - -39?
14
(-24 - 0) + 113 - (11 - 0)
78
(-6 + -57 + 28 - -47) + 10 + -1
21
(22 - -73) + -3 + 23 + -48
67
Calculate (8 - (4 + -8 + 10 - (-1 + -3))) + 51.
49
Evaluate 14 + -11 + -3 + 14 - 81.
-67
Calculate 27 + 9 + -45 + 30.
21
What is the value of -26 - (13 + (-16 - (-4 + -4 + (10 - 9))))?
-30
41 + (-26 - (8 + 24 - 72))
55
What is the value of (20 + 1 - (138 - 115)) + -14?
-16
What is 39 - (43 - (-77 - -81))?
0
What is 28 + (39 - 60) + (-12 - 1)?
-6
Calculate 53 - (1 - -2) - (-1 + -2) - (789 + -778).
42
What is the value of 0 + (9 - (-7 + -3)) - (95 - 101)?
25
What is the value of (1 + -1 - (-32 - (-41 - -15))) + -19 + 8?
-5
What is 0 - ((-56 - -14) + -36 - (-13 + 1))?
66
-719 + 689 + (10 - 1) + 45
24
Evaluate (-11 - -1) + 0 + (725 - 721).
-6
What is the value of 9 + (0 - (1 + -14) - (14 - 0)) + -34?
-26
Evaluate (-28 - 9 - -18) + -6 + 86.
61
(19 + -23 - (2 - 24)) + 14
32
0 - (-9 + (0 - 0)) - (-90 - (-84 + -48))
-33
What is 14 - (65 + 6 + -15 + -22)?
-20
What is 5 + -3 + -4 + (740 - 775)?
-37
(149 - 156) + (-1 - -2) + (-3 - -64)
55
-230 + 61 - (1 - (-7 - -38))
-139
(87 - 108) + (-10 - 0 - -17)
-14
Evaluate -9 - (-62 - -53) - -49.
49
What is (6 - 16) + 3 + (2 + 2 - 6)?
-9
3 - 1 - ((4 - 37) + (140 - 119))
14
Calculate -71 - (2 + 9 + 19 + -70 + 31).
-62
-5 - (8 - (70 + (6 - 13) - 10))
40
Calculate (27 - 50) + 22 - (-1 - (-7 - -5)) - 102.
-104
Calculate (-8484 - -8482) + -3 + (-1 - 0).
-6
What is the value of 1 + -18 - (76 + -6 + -90)?
3
-90 + 5 + -3 + -24 + 26
-86
-92 + -2 - (12607 + -12811)
110
What is 13 + (-6 - -2) - (5 + 11 + 0 - 8)?
1
What is -57 - (-35 - (-39 - -26))?
-35
Evaluate -23 - (10 + -34) - (-4 + -4 - -9).
0
Evaluate -132 - (-153 + 87 + -49).
-17
What is (141 + -75 - -30) + -51?
45
What is -13 - (-54 - -43) - ((52 - (3 + -2)) + 3)?
-56
What is 5 - (49 + -84 + 8)?
32
Evaluate 29 + -20 + 6 + -8 + (-3 - 37).
-33
Evaluate 20 + -12 + -16 + 64 + -14.
42
Evaluate ((-2 - -15) + -86 + 85 - 34) + 11.
-11
47 + (-14 - 30) + -16
-13
What is the value of -7 + -2 + (-96 + 197 - (2 - -21))?
69
Calculate 275 + (17 - 169) + -238.
-115
Calculate 18 - ((38 - (-100 - -9)) + -31).
-80
What is 15 + -69 + 20 + 7 + -7 + 7?
-27
Calculate (4 - 29) + 17 + -8 + (6 - 16).
-26
Evaluate 33 - (-30 + 117 + -8) - -31.
-15
-7 - -19 - (2 - -79) - (-9 + 7)
-67
(4 - 5 - -15) + -21 + (17 - -3)
13
-4 + (23 - 18) - (0 - -28 - 6)
-21
-77 - (8 - 1) - (-50 + 25)
-59
What is the value of (-6 - 0 - -24) + 1 + -5 + -8 + 5?
11
Evaluate 90